{"id":839,"date":"2024-11-07T16:28:39","date_gmt":"2024-11-07T16:28:39","guid":{"rendered":"https:\/\/www.polipolina.com\/?page_id=839"},"modified":"2024-11-08T13:42:54","modified_gmt":"2024-11-08T13:42:54","slug":"valko-venajan-presidentinvaalit-2025","status":"publish","type":"page","link":"https:\/\/www.polipolina.com\/index.php\/vaalit\/valko-venajan-presidentinvaalit-2025\/","title":{"rendered":"Valko-Ven\u00e4j\u00e4n presidentinvaalit 2025"},"content":{"rendered":"\n<p>Valko-Ven\u00e4j\u00e4ll\u00e4 j\u00e4rjestet\u00e4\u00e4n presidentinvaalit 26.1.2025. Vaalien voittajasta ei ole tietenk\u00e4\u00e4n pienint\u00e4k\u00e4\u00e4n ep\u00e4selvyytt\u00e4. Maata jo 30 vuotta johtaanut  70-vuotias nykyinen presidentti Aljaksandr Luka\u0161enka tulee voittamaan n\u00e4m\u00e4kin vaalit aivan varmasti ja h\u00e4net valitaan uudelle viisivuotiskaudelle. Jos ei rehellisesti niin sitten ep\u00e4rehellisesti. <\/p>\n\n\n\n<p>Edellisiss\u00e4 vaaleiss \u00e4\u00e4ntenlaskennan mukaan 10 prosentin kannatuksen ker\u00e4nnyt Svjatlana Tsih\u2019anouskaja el\u00e4\u00e4 t\u00e4ll\u00e4 hetkell\u00e4 maanpaossa. Ja 2020 protestoijia ja opposotiohahmoja on muutenkin paljon maanpaossa ja viel\u00e4 vankilassakin. Pari kuukautta ennen vaaleja on ollut taas raportteja <a href=\"\/\/www.hs.fi\/maailma\/art-2000010816113.html\" target=\"_blank\" rel=\"noreferrer noopener\">uusista pid\u00e4tyksist\u00e4<\/a>. Mutta kannattaa muistaa ett\u00e4 Luka\u0161enkalla on silti my\u00f6s aitoa kannatusta.<\/p>\n\n\n\n<p>Valko-Ven\u00e4j\u00e4\u00e4 seurataan t\u00e4ll\u00e4 hetkell\u00e4 Ukrainan sodan takia hieman aiempaa tarkemmin. On totta ett\u00e4 Luka\u0161enka on toiminut Putinin tukena, mutta Luka\u0161enka on enemm\u00e4nkin kiinnostunut oman diktatuurinsa pystyss\u00e4 pit\u00e4misest\u00e4 eik\u00e4 ole yksiselitteisesti tai ideologisesti Putinin tukija. K\u00e4yt\u00e4nn\u00f6ss\u00e4 h\u00e4n joutuu kuitenkin toimimaan Putinin vassallinna varmistaaksen oman vallassapysymisens\u00e4.<\/p>\n","protected":false},"excerpt":{"rendered":"<p>Valko-Ven\u00e4j\u00e4ll\u00e4 j\u00e4rjestet\u00e4\u00e4n presidentinvaalit 26.1.2025. Vaalien voittajasta ei ole tietenk\u00e4\u00e4n pienint\u00e4k\u00e4\u00e4n ep\u00e4selvyytt\u00e4. Maata jo 30 vuotta johtaanut 70-vuotias nykyinen presidentti Aljaksandr Luka\u0161enka tulee voittamaan n\u00e4m\u00e4kin vaalit&hellip;<\/p>\n","protected":false},"author":1,"featured_media":0,"parent":217,"menu_order":0,"comment_status":"closed","ping_status":"closed","template":"","meta":{"footnotes":""},"class_list":["post-839","page","type-page","status-publish","hentry"],"_links":{"self":[{"href":"https:\/\/www.polipolina.com\/index.php\/wp-json\/wp\/v2\/pages\/839","targetHints":{"allow":["GET"]}}],"collection":[{"href":"https:\/\/www.polipolina.com\/index.php\/wp-json\/wp\/v2\/pages"}],"about":[{"href":"https:\/\/www.polipolina.com\/index.php\/wp-json\/wp\/v2\/types\/page"}],"author":[{"embeddable":true,"href":"https:\/\/www.polipolina.com\/index.php\/wp-json\/wp\/v2\/users\/1"}],"replies":[{"embeddable":true,"href":"https:\/\/www.polipolina.com\/index.php\/wp-json\/wp\/v2\/comments?post=839"}],"version-history":[{"count":3,"href":"https:\/\/www.polipolina.com\/index.php\/wp-json\/wp\/v2\/pages\/839\/revisions"}],"predecessor-version":[{"id":846,"href":"https:\/\/www.polipolina.com\/index.php\/wp-json\/wp\/v2\/pages\/839\/revisions\/846"}],"up":[{"embeddable":true,"href":"https:\/\/www.polipolina.com\/index.php\/wp-json\/wp\/v2\/pages\/217"}],"wp:attachment":[{"href":"https:\/\/www.polipolina.com\/index.php\/wp-json\/wp\/v2\/media?parent=839"}],"curies":[{"name":"wp","href":"https:\/\/api.w.org\/{rel}","templated":true}]}}

Valko-Venäjän presidentinvaalit 2025

<p>Valko-Venäjällä järjestetään presidentinvaalit 26.1.2025. Vaalien voittajasta ei ole tietenkään pienintäkään epäselvyyttä. Maata jo 30 vuotta johtaanut  70-vuotias nykyinen presidentti Aljaksandr Lukašenka tulee voittamaan nämäkin vaalit aivan varmasti ja hänet valitaan uudelle viisivuotiskaudelle. Jos ei rehellisesti niin sitten epärehellisesti. </p>



<p>Edellisissä vaaleiss ääntenlaskennan mukaan 10 prosentin kannatuksen kerännyt Svjatlana Tsih’anouskaja elää tällä hetkellä maanpaossa. Ja 2020 protestoijia ja opposotiohahmoja on muutenkin paljon maanpaossa ja vielä vankilassakin. Pari kuukautta ennen vaaleja on ollut taas raportteja <a href="//www.hs.fi/maailma/art-2000010816113.html" target="_blank" rel="noreferrer noopener">uusista pidätyksistä</a>. Mutta kannattaa muistaa että Lukašenkalla on silti myös aitoa kannatusta.</p>



<p>Valko-Venäjää seurataan tällä hetkellä Ukrainan sodan takia hieman aiempaa tarkemmin. On totta että Lukašenka on toiminut Putinin tukena, mutta Lukašenka on enemmänkin kiinnostunut oman diktatuurinsa pystyssä pitämisestä eikä ole yksiselitteisesti tai ideologisesti Putinin tukija. Käytännössä hän joutuu kuitenkin toimimaan Putinin vassallinna varmistaaksen oman vallassapysymisensä.</p>

<p>Valko-Venäjällä järjestetään presidentinvaalit 26.1.2025. Vaalien voittajasta ei ole tietenkään pienintäkään epäselvyyttä. Maata jo 30 vuotta johtaanut 70-vuotias nykyinen presidentti Aljaksandr Lukašenka tulee voittamaan nämäkin vaalit&hellip;</p>
