{"id":513,"date":"2024-10-05T15:16:19","date_gmt":"2024-10-05T15:16:19","guid":{"rendered":"https:\/\/www.polipolina.com\/?page_id=513"},"modified":"2024-10-20T17:03:17","modified_gmt":"2024-10-20T17:03:17","slug":"moldovan-vaalit-2024","status":"publish","type":"page","link":"https:\/\/www.polipolina.com\/index.php\/vaalit\/moldovan-vaalit-2024\/","title":{"rendered":"Moldovan vaalit 2024"},"content":{"rendered":"\n<p>Moldovassa j\u00e4rjestet\u00e4\u00e4n presidentinvaalit 20.10.2024. Presidentinvaalien yhteydess\u00e4 j\u00e4rjestet\u00e4\u00e4n t\u00e4ll\u00e4 kertaa kuitenkin my\u00f6s kansan\u00e4\u00e4nestys EU-j\u00e4senyyden hakemisesta. Tai t\u00e4sm\u00e4llisesti tarkoituksena on kirjata maan perustuslakiin maan kansan pyrkimys EU:n liittymisest\u00e4. Maan t\u00e4m\u00e4nhetkinen, vuodesta 2020 l\u00e4htien toiminut eurooppamielinen presidentti Maia Sandu ajaa t\u00e4t\u00e4 tavoitetta. Kukaan vastaehdokkaista ei ole saanut Sandun tasoisia kannatuslukemia gallupeissa ja n\u00e4ist\u00e4 vahvimmilla vaikuttaisi olevan Alexandr Stoianoglo.<\/p>\n\n\n<div class=\"wp-block-image\">\n<figure class=\"aligncenter size-full\"><img loading=\"lazy\" decoding=\"async\" width=\"713\" height=\"641\" src=\"https:\/\/www.polipolina.com\/wp-content\/uploads\/2024\/10\/Moldova-sijainti-kartta.png\" alt=\"Moldova sijainti kartta\" class=\"wp-image-522\" srcset=\"https:\/\/www.polipolina.com\/wp-content\/uploads\/2024\/10\/Moldova-sijainti-kartta.png 713w, https:\/\/www.polipolina.com\/wp-content\/uploads\/2024\/10\/Moldova-sijainti-kartta-300x270.png 300w\" sizes=\"auto, (max-width: 713px) 100vw, 713px\" \/><\/figure>\n<\/div>\n\n\n<p>Siin\u00e4 miss\u00e4 EU-\u00e4\u00e4nestyksen tulos selvi\u00e4\u00e4 heti \u00e4\u00e4ntenlaskun j\u00e4lkeen presidentinvaalien tulos v\u00e4ltt\u00e4m\u00e4tt\u00e4 ei, sill\u00e4 suomalaisille tutulla tavalla Moldovassakin presidentinvaaleissa j\u00e4rjestet\u00e4\u00e4n toinen kierros, mik\u00e4li kukaan ensimm\u00e4isen kierroksen ehdokkaista ei saa yli 50 prosenttia \u00e4\u00e4nist\u00e4. Moldovan presidentinvaalien toinen kierros j\u00e4rjestet\u00e4\u00e4n tarvittaessa 3.11.<\/p>\n\n\n\n<p>Ven\u00e4j\u00e4n hy\u00f6k\u00e4tty\u00e4 Ukrainaan Moldova j\u00e4tti EU-hakemuksen maaliskuussa 2022. Moldovan on v\u00e4h\u00e4n Ukrainan tapaan itsen\u00e4istymisens\u00e4 j\u00e4lkeen vaihdellut Eurooppa-mielisten ja Ven\u00e4j\u00e4-mielisten hallintojen v\u00e4lill\u00e4. T\u00e4m\u00e4n takia pienen ja yhden Euroopan maan vaaleja seurataan t\u00e4ll\u00e4 kertaa aiempaa tarkemmin. Presidentti Saidu on my\u00f6s syytt\u00e4nyt Ven\u00e4j\u00e4\u00e4 sekaantumisesta Moldovan politiikkaan.<\/p>\n\n\n\n<p><\/p>\n","protected":false},"excerpt":{"rendered":"<p>Moldovassa j\u00e4rjestet\u00e4\u00e4n presidentinvaalit 20.10.2024. Presidentinvaalien yhteydess\u00e4 j\u00e4rjestet\u00e4\u00e4n t\u00e4ll\u00e4 kertaa kuitenkin my\u00f6s kansan\u00e4\u00e4nestys EU-j\u00e4senyyden hakemisesta. Tai t\u00e4sm\u00e4llisesti tarkoituksena on kirjata maan perustuslakiin maan kansan pyrkimys EU:n&hellip;<\/p>\n","protected":false},"author":1,"featured_media":0,"parent":217,"menu_order":0,"comment_status":"closed","ping_status":"closed","template":"","meta":{"footnotes":""},"class_list":["post-513","page","type-page","status-publish","hentry"],"_links":{"self":[{"href":"https:\/\/www.polipolina.com\/index.php\/wp-json\/wp\/v2\/pages\/513","targetHints":{"allow":["GET"]}}],"collection":[{"href":"https:\/\/www.polipolina.com\/index.php\/wp-json\/wp\/v2\/pages"}],"about":[{"href":"https:\/\/www.polipolina.com\/index.php\/wp-json\/wp\/v2\/types\/page"}],"author":[{"embeddable":true,"href":"https:\/\/www.polipolina.com\/index.php\/wp-json\/wp\/v2\/users\/1"}],"replies":[{"embeddable":true,"href":"https:\/\/www.polipolina.com\/index.php\/wp-json\/wp\/v2\/comments?post=513"}],"version-history":[{"count":6,"href":"https:\/\/www.polipolina.com\/index.php\/wp-json\/wp\/v2\/pages\/513\/revisions"}],"predecessor-version":[{"id":697,"href":"https:\/\/www.polipolina.com\/index.php\/wp-json\/wp\/v2\/pages\/513\/revisions\/697"}],"up":[{"embeddable":true,"href":"https:\/\/www.polipolina.com\/index.php\/wp-json\/wp\/v2\/pages\/217"}],"wp:attachment":[{"href":"https:\/\/www.polipolina.com\/index.php\/wp-json\/wp\/v2\/media?parent=513"}],"curies":[{"name":"wp","href":"https:\/\/api.w.org\/{rel}","templated":true}]}}